 - b = -2*i. What are the prime factors of i?
2
Suppose 4*u = 2*z + z + 145, 4*z = 5*u - 180. List the prime factors of u.
2, 5
List the prime factors of (-34)/51*(-294)/4.
7
Let f(n) = -n**2 - 19*n - 11. List the prime factors of f(-9).
79
Let l(q) = q**2 + 2*q + 15. What are the prime factors of l(-14)?
3, 61
Let c(t) = 208*t**2 + t. Let v be c(-1). Let o = v + -99. What are the prime factors of o/15 - (-2)/(-10)?
7
Let a be 335/25 - (-6)/10. Suppose 0 = -4*b + 20, -20 = -2*t - 4*b + a. What are the prime factors of t/(-2*(-1)/2)?
7
Let g = 9 - -10. List the prime factors of g.
19
Let v(y) = 6*y + 5. Let u(j) = 11*j + 11. Let l(d) = 2*u(d) - 5*v(d). List the prime factors of l(-2).
13
Suppose 5 = -3*a + 14. Let g be a/6 - (-18)/4. Suppose 2*f - 57 = -3*z - 17, 2*z - 3*f - g = 0. List the prime factors of z.
2, 5
Suppose k + 3*w = 32, k - 3*k - 5*w + 62 = 0. Suppose 2*p - 2 = 4, l + 5*p = k. What are the prime factors of l?
11
Let u = -49 - -78. Suppose 2*x = u + 5. What are the prime factors of x?
17
Suppose -3*z + 271 = 3*h + 76, -337 = -5*h + z. List the prime factors of h.
67
Suppose -3*c + 2 + 1 = 0. Let w(i) = 14*i**3 - i. Let a be w(c). Suppose -5*q = 5, -2*q - a + 43 = 2*g. What are the prime factors of g?
2
Let o(n) = n**3 - 3*n**2 + 2*n - 4. Let r be o(3). Let i(f) = -f**3 + 7*f + 2 - 14 + f**r - 9*f**2. List the prime factors of i(-9).
2, 3
Let l be 43/(-5) + (-6)/15. Let q be (-18)/l + (-168)/1. What are the prime factors of (-4)/(-10) - q/10?
17
Let j be (-4)/6 + 57/(-9). Let w(x) = 3*x - 7. Let t be w(7). Let z = j + t. List the prime factors of z.
7
Let w(s) = -s**2 + 10*s + 3. Let m be w(5). Suppose c - m = -c. What are the prime factors of c?
2, 7
Let z = -47 - -21. Let p(i) = i**2 - 7*i - 7. Let c be p(7). List the prime factors of z/c - (-10)/35.
2
Let k(u) be the second derivative of u**3/3 + u**2 + 2*u. What are the prime factors of k(5)?
2, 3
Let b(g) = 22*g - 36. What are the prime factors of b(3)?
2, 3, 5
Let k = 2 + 0. List the prime factors of (-58)/(-4) - k/(-4).
3, 5
Let d = -3 - -7. Let t = -2 + d. List the prime factors of 3*2*(-1 + t).
2, 3
Suppose 0 = -4*j - 8, -4*q - 7 - 3 = 5*j. Suppose 0 = -q*m + m - 21. What are the prime factors of m?
3, 7
List the prime factors of 1/(3*(-2)/(-204)).
2, 17
Suppose 4*u + 3*v = 74, -5*u - 4*v + 59 = -34. What are the prime factors of u?
17
What are the prime factors of ((-6)/12)/((1/422)/(-1))?
211
Let k be 13/((-3)/3) - 3. Let y = 0 + -1. What are the prime factors of ((-6)/(-8))/(y/k)?
2, 3
Suppose -2*m = -4*m - 10, 0 = -2*l + 3*m + 87. Suppose -5*q = 2*v - l, 3*q = -4*v - q + 96. List the prime factors of v.
2, 7
Suppose -5*h + 15 = 0, -6*h + 3*h + 252 = 3*z. List the prime factors of z.
3
Let o(t) = -t**3 + t**2 - 4*t + 3. List the prime factors of o(-4).
3, 11
Suppose -3*w - 20 + 176 = 0. What are the prime factors of w?
2, 13
Let s be 2 + (-15)/3 - -7. Suppose -26 = -k - 2*k - s*c, -5*c = k - 16. What are the prime factors of k?
2, 3
Suppose -3*v + 7 = -2. Let m(d) = -d**2 + 6*d + 7. Let a be m(6). Suppose 0 = v*u - 2*u - a. What are the prime factors of u?
7
Suppose -n + 5 = 3. Suppose 0*y + 3 = n*y - 3*a, -3*a = -3*y + 6. Suppose u - 4*p = 5 + 1, -y*u + 60 = 2*p. What are the prime factors of u?
2, 3
Suppose -2*h + 4*y + 6 = 0, -2*y - 4 = -2*h + 4. Suppose 0 = 5*g - 5*w, -3*w + h + 7 = 0. Suppose -a - 2 + g = 0. What are the prime factors of a?
2
Suppose 0 = -4*v - 5*o + 128, -4*v - o + 128 = 3*o. Let m = v - 19. What are the prime factors of m?
13
Suppose 3*s - 320 - 313 = 0. List the prime factors of s.
211
Suppose -5*q + 5*b = -315, -5*b - 205 + 8 = -3*q. What are the prime factors of q?
59
Suppose u = -1 + 6. Let v be (-6 + u)/((-2)/4). Suppose 3*j + v = 38. What are the prime factors of j?
2, 3
Suppose 5*h - 22 = 38. Let g be (-3 + 1)*(0 + -1). Suppose -2*r - x + 19 = -h, -4*x - g = -r. List the prime factors of r.
2, 7
Let h = 45 - 23. What are the prime factors of h?
2, 11
Let i be 15/20*(-9 - -1). Suppose 0 = -c + o - 2, 2*c + 3*c - 3*o = -4. List the prime factors of c/3 - 58/i.
2, 5
Let g(k) = -k**2 - 4*k - 1. Let m be (6/(-4))/((-1)/6). Suppose m = -5*v + n - 10, -3*n + 24 = -4*v. List the prime factors of g(v).
2
Suppose 4*s = 5*i - 1023, s = -4*i + 6*s + 822. What are the prime factors of i?
7, 29
Let k(y) = 10 - 1 + y - 2*y. Let o be k(8). List the prime factors of 44/6 - o/3.
7
Let m(b) = -5*b. Suppose -4*s + 7*s + 18 = 0. What are the prime factors of m(s)?
2, 3, 5
Suppose -j - 9 = q, 2*j + 3*q = -2*j - 41. Let s = 27 + j. What are the prime factors of s?
13
Suppose 5*z + 4*d = -39, 0 = -5*z - 5*d - 16 - 19. Let x = 2 - z. List the prime factors of x.
13
Suppose -4*i = z - 53, 0 = 3*z - z - 5*i - 67. List the prime factors of z.
41
Let r(v) = v + 8. Let u be r(-4). Let w be (-14)/u*(-5 - 1). Let l = w + -13. What are the prime factors of l?
2
Suppose -83 = -z + 36. List the prime factors of z.
7, 17
Let w(f) = f**2 - f. Let c be w(-1). Let k = c + 3. Suppose 4*l - 9 = 5*i + 24, -k*i - 5 = 0. List the prime factors of l.
7
What are the prime factors of 1/((832/212)/(-4) + 1)?
53
Suppose -q = -0*q - 54. List the prime factors of q/4 - (-3)/(-6).
13
What are the prime factors of (28 - -5)*(0 + 15/3)?
3, 5, 11
Suppose -3*r = 3*p - 18, 2*p = 7*r - 2*r - 30. Let z = -4 + r. What are the prime factors of z/(-7) - 216/(-21)?
2, 5
Let p(v) = -2*v. Let s(f) = -f**2 + 5*f - 3. Let h be s(3). Suppose 3*w - 7*w + 6 = h*d, 4*w - 18 = 3*d. List the prime factors of p(d).
2
Suppose -11 = -6*g + 1. Suppose -g*s - 16 = -46. What are the prime factors of s?
3, 5
Let h = -6 - -5. What are the prime factors of 1 + (2 - h) - -1?
5
Let f(t) = t**3 - t**2 - 3*t - 2. Let m be f(4). Let g = m + -14. Suppose 4 = 2*x + 2*r + 2*r, 5*x - g = -5*r. List the prime factors of x.
2, 3
Let j(y) = y**2 + 1. Let c be j(0). Let s = 1 + c. Suppose -3*g - 62 = -7*g - s*h, g - 4*h = -7. What are the prime factors of g?
13
Suppose 4*w - 4 = 16. Suppose w*y - 1 = l + 20, 5*y - 16 = -4*l. List the prime factors of (5 - l)/((-6)/(-8)).
2
Suppose 23 - 3 = 4*z. Suppose 0 = -s - z*s + 186. List the prime factors of s.
31
Let c = 9 - 3. Suppose 4*x = 5*w + 2, -w - x = -c*w + 7. List the prime factors of w.
2
Let w = -2 - -8. Let c be -7*(0 + -1) - -1. Suppose 2*s = c + w. List the prime factors of s.
7
Let d(y) = y + 14. Let g be d(-4). Let n be (-13)/4 + 2/8. Let f = g + n. What are the prime factors of f?
7
Suppose 2*f - 5*v = 22 - 4, 3*v - 2 = -2*f. Suppose 0 = -2*a + f. Suppose 0 = -5*n + 5*k + 5, -a = 4*n + 2*k - 12. List the prime factors of n.
2
List the prime factors of (1 + -3 - 1) + 127.
2, 31
Suppose 3*b + u - 123 = 0, 52 + 71 = 3*b - u. What are the prime factors of b?
41
Let k(u) = 8*u**2 + 8*u - 5. List the prime factors of k(-4).
7, 13
Suppose -r - v + 135 = 0, -3*r = -8*v + 5*v - 375. What are the prime factors of r?
2, 5, 13
Let h(x) = x**2 - 7*x - 11. Let p(i) = 2*i - 5. Let f be p(7). List the prime factors of h(f).
7
Suppose -2*n - 6 = -2*a, n - 15 = -5*a - 2*n. Suppose 0*u + u = a. Suppose 0*t = -b - u*t + 14, -t + 2 = 0. What are the prime factors of b?
2
Let c be (2*3)/((-6)/(-4)). Suppose -c*u + k = -k - 52, k - 40 = -4*u. What are the prime factors of u?
11
Let u(h) = -6*h. Let n be u(-1). Let m(a) = a - 5. Let o be m(-10). What are the prime factors of (n/o)/((-2)/10)?
2
Suppose 3*l - m = 8, 2*l + 4*m = -l + 28. Let w = l - 7. What are the prime factors of (12/w - 2)/(-2)?
3
Let f = -20 + 40. List the prime factors of f.
2, 5
Suppose -2*q = q - 84. What are the prime factors of q?
2, 7
Suppose 57 = 3*v - 2*v. List the prime factors of v.
3, 19
Let k = 62 - 31. What are the prime factors of k?
31
Suppose 0 = -10*w + w + 504. List the prime factors of w.
2, 7
Let r = 5 - 3. Suppose -x + k - 11 = 0, 2*x = -0*k - 4*k + r. Let v(g) = g**2 + 5*g - 5. What are the prime factors of v(x)?
3
Suppose -8*t = -6*t - 64. What are the prime factors of t?
2
Let r(g) = g - 5. Let t be r(8). Suppose t*z + z + 500 = 0. List the prime factors of z/10*(-8)/10.
2, 5
Suppose -17 = 4*b - 5. Let w = b + 8. List the prime factors of w.
5
Suppose 3*k - 22 = -4*l, -5*k + 2*l = -0*k - 2. Let r(c) be the first derivative of 5*c**2/2 - 1. What are the prime factors of r(k)?
2, 5
Let g be (-9)/(-7) +